-118058*b + 1416731. What is j(12)?
35
Let j(m) = m**3 + 46*m**2 + 169*m - 44. Give j(-4).
-48
Let m(q) = -624386*q - 1873138. Calculate m(-3).
20
Let w(v) = -v**3 + 116*v**2 + 215. Give w(0).
215
Let q(h) = -4386*h + 87867. Give q(20).
147
Let z(u) = u**2 - 982*u + 85047. What is z(886)?
-9
Let s(a) = 121*a + 508. Give s(-8).
-460
Let u(g) = -352*g**3 - 116514*g**2 - 660*g + 671. What is u(-331)?
9
Let k(g) = -4*g**2 + 1638*g - 9718. Determine k(6).
-34
Let z(x) = 7*x**3 - 678*x**2 + 5445*x - 26. What is z(8)?
3726
Let p(c) = -14*c**2 + 14*c + 5324. Calculate p(20).
4
Let c(b) = -b**3 - 44*b**2 - 203*b - 7. Determine c(-6).
-157
Let y(a) = a**3 - 26*a**2 - 45082*a + 1304824. What is y(29)?
-31
Let j(h) = 2420*h + 2516. Give j(-1).
96
Let q(c) = -c**3 - 316*c**2 - 618*c + 27. Calculate q(-2).
7
Let h(z) = z**2 - 210*z + 11024. Give h(105).
-1
Let p(g) = 10714*g - 5142687. What is p(480)?
33
Let z(d) = -d**2 - 2522*d - 50021. Give z(-20).
19
Let n(l) = 5*l**3 - 62*l**2 - 104*l + 24. Calculate n(14).
136
Let k(p) = 9000*p - 49719. Calculate k(6).
4281
Let t(n) = -n**2 + 518*n - 5585. What is t(11)?
-8
Let f(z) = z**3 + 51*z**2 - 107*z + 29. Calculate f(-53).
82
Let y(n) = 2*n**3 - 1034*n**2 - 6358*n - 489. Give y(-6).
3
Let w(i) = -i**3 - 15*i**2 - 21*i - 579. What is w(-16)?
13
Let s(l) = -3*l**2 - 380*l - 6606. What is s(-21)?
51
Let h(b) = 5*b**2 - 4268*b - 21397. Give h(-5).
68
Let x(s) = -2*s**2 - 6687*s + 100004. Determine x(15).
-751
Let p(q) = -q**3 + 36*q**2 + 2079*q - 255. What is p(67)?
-121
Let b(k) = 2034*k + 187141. Give b(-92).
13
Let f(t) = 51114*t + 1226730. Give f(-24).
-6
Let h(u) = 13*u**3 + 25*u**2 - 39*u - 112. What is h(4)?
964
Let m(y) = 149*y**2 + 154*y + 18. Give m(0).
18
Let z(h) = 140*h**2 - 539*h - 432. Calculate z(4).
-348
Let s(o) = -o**2 + 537*o - 38068. What is s(84)?
-16
Let r(t) = 2*t**2 + 536*t + 30683. Determine r(-185).
-27
Let b(j) = 117897*j - 30889014. What is b(262)?
0
Let t(y) = 86489*y - 86497. Give t(1).
-8
Let z(n) = 1081*n + 6656. Calculate z(-8).
-1992
Let y(b) = 124760*b + 873328. What is y(-7)?
8
Let m(c) = -c**3 - 42*c**2 + 2767*c + 112455. What is m(-39)?
-21
Let j(v) = 2452*v + 9804. Give j(-4).
-4
Let q(c) = c**3 + 15*c**2 + 952*c + 5436. Give q(-6).
48
Let d(x) = 19*x**2 + 323*x + 1234. Give d(-11).
-20
Let t(c) = -30*c**2 + 148459*c - 148459. Give t(1).
-30
Let a(y) = y**3 - 37*y**2 - 206*y + 40. Give a(-5).
20
Let f(k) = -917*k**2 - 276014*k + 876. Give f(-301).
-27
Let v(j) = 213*j - 1142. Calculate v(2).
-716
Let r(g) = 5957*g + 3085736. Calculate r(-518).
10
Let i(z) = z**3 - 233*z**2 + 3676*z - 908. What is i(216)?
-44
Let m(k) = -570321*k - 16539305. What is m(-29)?
4
Let u(s) = -4*s**3 + 115*s**2 - 13*s - 89. What is u(29)?
-1307
Let u(p) = 3*p**3 + 316*p**2 + 2*p - 10841. Give u(-105).
-26
Let a(b) = -b**3 - 241*b**2 + 2450*b + 31. Calculate a(10).
-569
Let q(i) = i**3 - 23*i**2 + 17*i - 150. What is q(24)?
834
Let p(b) = 3*b**2 + 923*b + 33425. What is p(-42)?
-49
Let y(q) = -31*q**2 - 4931*q - 308. Calculate y(-159).
10
Let z(m) = m**3 + 85*m**2 - 20*m - 2159. What is z(-85)?
-459
Let y(j) = 5092*j - 310603. Determine y(61).
9
Let l(m) = -32*m**2 - 991*m - 1874. Calculate l(-2).
-20
Let h(o) = -55*o**2 - 550*o - 890. Calculate h(-8).
-10
Let a(t) = 3*t**3 + 1594*t**2 - 5887*t - 1077. Give a(-535).
-7
Let n(f) = 280*f - 15959. What is n(54)?
-839
Let m(p) = -4*p**2 + 441613*p + 1766491. Determine m(-4).
-25
Let v(w) = -625707*w - 18145502. What is v(-29)?
1
Let r(g) = 2*g**2 - 484*g + 3743. Determine r(8).
-1
Let k(i) = -1756*i - 19953. Calculate k(-12).
1119
Let b(k) = 115*k**2 - 259*k + 28. Determine b(3).
286
Let n(w) = 152475*w + 1067375. Give n(-7).
50
Let q(w) = -6596*w - 72597. What is q(-11)?
-41
Let p(s) = 3*s**2 - 987*s + 12664. Determine p(13).
340
Let g(q) = -3*q**3 - 292*q**2 - 975*q - 85170. Calculate g(-97).
-4
Let f(g) = 16*g**3 + 21361*g**2 + 1979*g + 859741. Calculate f(-1335).
1
Let c(x) = -12*x**2 + 52*x + 841. Give c(-17).
-3511
Let i(z) = 61*z**2 + 16237*z - 49271. Give i(3).
-11
Let r(z) = -23458*z - 140754. Give r(-6).
-6
Let h(x) = -5627*x - 36. What is h(0)?
-36
Let l(w) = -4*w**2 + 3258*w - 454109. What is l(636)?
-5
Let k(r) = -r**3 - 593*r**2 - 9739*r + 880. Determine k(-17).
-21
Let p(j) = -1647*j - 354134. What is p(-215)?
-29
Let l(j) = -j**3 + 10*j**2 - 5271*j + 31362. What is l(6)?
-120
Let s(f) = 335769*f - 6379629. Determine s(19).
-18
Let x(c) = 3463*c + 73763. Determine x(-21).
1040
Let r(p) = 13292*p + 5622514. Give r(-423).
-2
Let z(f) = 2*f**2 + 78*f + 110. Calculate z(-38).
34
Let u(n) = -n**3 + 144*n**2 - 736*n + 5694. Determine u(139).
-5
Let o(t) = 2*t**3 + 778*t**2 + 6846*t + 69. Determine o(-9).
15
Let p(h) = -h**2 - 22707*h - 6013695. Calculate p(-268).
-43
Let r(w) = 2*w**2 - 355*w + 7891. What is r(26)?
13
Let h(u) = -1325002*u - 11924948. Give h(-9).
70
Let m(w) = 2*w**2 - 144*w + 2306. What is m(36)?
-286
Let m(t) = -t**3 + 10*t**2 - 31*t + 547. Determine m(13).
-363
Let p(k) = -k**2 + 367*k - 3211. What is p(358)?
11
Let h(a) = 2*a**3 - 524*a**2 - 2219*a - 361. What is h(-4)?
3
Let j(s) = -2*s**3 - 1471*s**2 + 12662*s + 10552. What is j(-744)?
136
Let f(w) = 49*w**2 - 265*w + 97. Calculate f(5).
-3
Let c(h) = 3*h**2 + h - 26. Give c(-5).
44
Let m(j) = -j**2 + 1187*j + 476765. Calculate m(-317).
-3
Let t(o) = 24181*o + 23074. Calculate t(-1).
-1107
Let v(t) = 2426*t + 59. What is v(0)?
59
Let o(r) = -r**3 - 170*r**2 + 139*r - 5354. Determine o(-171).
118
Let t(u) = 6341*u - 58164. What is t(9)?
-1095
Let q(j) = -822*j + 26329. What is q(32)?
25
Let v(m) = 179*m**2 - 11633*m - 75. Calculate v(65).
55
Let m(z) = -z**3 + 46*z**2 - 1209*z + 58752. Determine m(47).
-280
Let j(n) = n**3 - 50*n**2 + 86*n + 3. Determine j(2).
-17
Let o(n) = -2*n**2 + 600765*n - 1802302. Give o(3).
-25
Let b(u) = 2*u**3 + 54*u**2 - 289*u - 3. Calculate b(5).
152
Let u(l) = -l**2 - 672*l - 47394. Determine u(-80).
-34
Let c(w) = -w**3 - 445*w**2 - 898*w - 5297. What is c(-443)?
19
Let c(i) = 2*i**3 - 203*i**2 - 8368*i - 936. Give c(133).
527
Let u(z) = -58983*z - 2418305. Determine u(-41).
-2
Let i(r) = -457*r**2 - 4116*r - 29. Calculate i(-9).
-2
Let v(o) = 381*o + 8349. Determine v(-20).
729
Let a(c) = -c**2 - 874*c - 80006. Calculate a(-102).
-1262
Let h(p) = -200*p + 4589. What is h(19)?
789
Let d(r) = -5124*r - 1296348. Calculate d(-253).
24
Let p(c) = 2787*c + 40803. Determine p(-15).
-1002
Let y(u) = -82*u**2 + 3112*u + 507. Calculate y(38).
355
Let z(q) = -11*q**2 + 1973*q - 73677. Calculate z(53).
-7
Let v(m) = -8*m**2 + 125*m + 287755. What is v(-182)?
13
Let a(c) = -2823*c + 175012. Calculate a(62).
-14
Let s(f) = -156578*f + 2348644. Give s(15).
-26
Let f(k) = k**3 - 112*k**2 - 2795*k + 3348. Determine f(-22).
-18
Let w(i) = 2*i**3 - i**2 - 72*i - 258. Determine w(-10).
-1638
Let m(k) = -2*k**2 + 681*k + 14017. Determine m(360).
-23
Let r(k) = 18907*k**2 - 75632*k + 33. Determine r(4).
17
Let h(y) = -1237*y + 16821. Determine h(14).
-497
Let d(i) = -i**3 + 30*i**2 - 764*i + 14790. Determine d(24).
-90
Let g(l) = -185*l**2 + 2933*l - 2934. Determine g(1).
-186
Let w(a) = -448*a - 28404. Determine w(-63).
-180
Let b(v) = -613369*v + 13494116. Determine b(22).
-2
Let o(i) = -34*i**2 - 138*i - 88. What is o(-1)?
16
Let z(k) = 3*k**2 - 854*k - 499985. Calculate z(-290).
-25
Let a(t) = t**3 - 18*t**2 + 217*t - 3554. Calculate a(17).
-154
Let u(h) = 1973*h + 53237. Determine u(-27).
-34
Let n(z) = z**3 - 591*z**2 - 549*z - 377895. Determine n(593).
-154
Let d(h) = 9*h**3 - 912*h**2 + 1195*h + 524. What is d(100)?
24
Let u(n) = 6*n**2 + 1272*n - 38129. Calculate u(-239).
589
Let j(g) = -3099*g + 75869. What is j(25)?
-1606
Let y(v) = -10*v**3 - 1982*v**2 - 372*v + 4757. Give y(-198).
5
Let g(i) = -5*i**3 - 94*i**2 - 355*i - 7109. What is g(-19)?
-3
Let k(n) = 103*n**2 + 1873*n - 1606. Calculate k(-19).
-10
Let k(p) = -3040391*p + 15201943. Determine k(5).
-12
Let a(v) = 18960*v - 1137589. Calculate a(60).
11
Let l(f) = f**3 - 8*f**2 - 87188*f + 610370. Give l(7).
5
Let u(z) = -475*z - 8848. What is u(-17)?
-773
Let n(i) = i**2 - 118*i - 35418. Give n(256).
-90
Let u(s) = -s**2 + 36610*s + 1282586. What is u(-35)?
11
Let w(s) = -8*s**2 - 9352*s - 24